 divided by 195752.
6
Calculate the remainder when 79807 is divided by 382.
351
What is the remainder when 646716 is divided by 40?
36
What is the remainder when 1264 is divided by 121?
54
What is the remainder when 127684 is divided by 466?
0
Calculate the remainder when 907 is divided by 523.
384
Calculate the remainder when 11592 is divided by 414.
0
Calculate the remainder when 10549 is divided by 888.
781
What is the remainder when 1861 is divided by 1040?
821
What is the remainder when 27075 is divided by 5408?
35
Calculate the remainder when 3440 is divided by 1071.
227
Calculate the remainder when 7441 is divided by 720.
241
Calculate the remainder when 51328 is divided by 12822.
40
Calculate the remainder when 112137 is divided by 494.
493
What is the remainder when 32216 is divided by 86?
52
What is the remainder when 5334 is divided by 350?
84
What is the remainder when 25534 is divided by 32?
30
What is the remainder when 37081 is divided by 2060?
1
What is the remainder when 135430 is divided by 27?
25
Calculate the remainder when 44893 is divided by 4488.
13
Calculate the remainder when 954 is divided by 93.
24
Calculate the remainder when 12515 is divided by 4163.
26
What is the remainder when 22857 is divided by 22?
21
What is the remainder when 8189 is divided by 47?
11
What is the remainder when 53346 is divided by 741?
735
Calculate the remainder when 525136 is divided by 90.
76
What is the remainder when 38223 is divided by 147?
3
What is the remainder when 2957180 is divided by 604?
600
What is the remainder when 23483 is divided by 212?
163
What is the remainder when 12891 is divided by 6442?
7
What is the remainder when 69574 is divided by 1313?
1298
Calculate the remainder when 199080 is divided by 403.
401
Calculate the remainder when 1028 is divided by 163.
50
Calculate the remainder when 5549 is divided by 857.
407
Calculate the remainder when 1275 is divided by 449.
377
Calculate the remainder when 3933 is divided by 1786.
361
Calculate the remainder when 371 is divided by 126.
119
What is the remainder when 1337728 is divided by 30?
28
Calculate the remainder when 50738 is divided by 25352.
34
Calculate the remainder when 46514 is divided by 23250.
14
What is the remainder when 1729 is divided by 23?
4
Calculate the remainder when 20182 is divided by 49.
43
What is the remainder when 17168 is divided by 115?
33
Calculate the remainder when 9323 is divided by 775.
23
What is the remainder when 128493 is divided by 59?
50
Calculate the remainder when 7092 is divided by 182.
176
What is the remainder when 38238 is divided by 160?
158
Calculate the remainder when 47918 is divided by 23948.
22
What is the remainder when 216530 is divided by 36087?
8
What is the remainder when 7036 is divided by 271?
261
Calculate the remainder when 9536 is divided by 1061.
1048
Calculate the remainder when 1565 is divided by 358.
133
What is the remainder when 167238 is divided by 10452?
6
Calculate the remainder when 542893 is divided by 271443.
7
What is the remainder when 6175 is divided by 35?
15
What is the remainder when 5489 is divided by 5443?
46
What is the remainder when 39265 is divided by 374?
369
Calculate the remainder when 102920 is divided by 106.
100
Calculate the remainder when 1235 is divided by 783.
452
What is the remainder when 9717 is divided by 9628?
89
What is the remainder when 178300 is divided by 89145?
10
What is the remainder when 50530 is divided by 243?
229
What is the remainder when 6682145 is divided by 933?
932
What is the remainder when 13657130 is divided by 1497?
1496
Calculate the remainder when 7875 is divided by 271.
16
Calculate the remainder when 70055 is divided by 1751.
15
What is the remainder when 81223 is divided by 71?
70
What is the remainder when 548257 is divided by 182748?
13
What is the remainder when 65964 is divided by 687?
12
Calculate the remainder when 2748 is divided by 455.
18
What is the remainder when 11841 is divided by 793?
739
What is the remainder when 1744 is divided by 475?
319
What is the remainder when 38664 is divided by 368?
24
Calculate the remainder when 31677 is divided by 14.
9
What is the remainder when 5490 is divided by 86?
72
What is the remainder when 260 is divided by 239?
21
What is the remainder when 39172 is divided by 400?
372
Calculate the remainder when 978331 is divided by 938.
935
Calculate the remainder when 2086472 is divided by 1126.
1120
What is the remainder when 5777 is divided by 1122?
167
Calculate the remainder when 120332 is divided by 87.
11
What is the remainder when 12910 is divided by 31?
14
Calculate the remainder when 31870 is divided by 10622.
4
Calculate the remainder when 18316 is divided by 93.
88
Calculate the remainder when 1791 is divided by 596.
3
What is the remainder when 1263 is divided by 1176?
87
Calculate the remainder when 171225 is divided by 31.
12
Calculate the remainder when 80267 is divided by 81.
77
Calculate the remainder when 100954 is divided by 245.
14
Calculate the remainder when 22905 is divided by 51.
6
Calculate the remainder when 5586 is divided by 2792.
2
Calculate the remainder when 293 is divided by 75.
68
What is the remainder when 13613 is divided by 86?
25
What is the remainder when 945336 is divided by 1560?
1536
What is the remainder when 497899 is divided by 260?
259
Calculate the remainder when 816593 is divided by 17.
15
Calculate the remainder when 30816 is divided by 498.
438
Calculate the remainder when 34125 is divided by 479.
116
Calculate the remainder when 196250 is divided by 9810.
50
What is the remainder when 5870 is divided by 1188?
1118
Calculate the remainder when 14886 is divided by 11.
3
What is the remainder when 491 is divided by 59?
19
What is the remainder when 1643 is divided by 116?
19
What is the remainder when 5708 is divided by 478?
450
Calculate the remainder when 9128 is divided by 3024.
56
Calculate the remainder when 5370 is divided by 131.
130
Calculate the remainder when 6587 is divided by 2194.
5
Calculate the remainder when 24498 is divided by 4883.
83
What is the remainder when 181737 is divided by 49?
45
What is the remainder when 68871 is divided by 34435?
1
Calculate the remainder when 33123 is divided by 101.
96
What is the remainder when 23559 is divided by 847?
690
Calculate the remainder when 14757 is divided by 34.
1
What is the remainder when 5735 is divided by 147?
2
Calculate the remainder when 72076 is divided by 17.
13
What is the remainder when 27723 is divided by 1384?
43
Calculate the remainder when 585565 is divided by 946.
937
Calculate the remainder when 721 is divided by 391.
330
Calculate the remainder when 5783 is divided by 241.
240
Calculate the remainder when 337280 is divided by 4113.
14
Calculate the remainder when 523 is divided by 339.
184
What is the remainder when 1607712 is divided by 27?
24
Calculate the remainder when 8951 is divided by 374.
349
Calculate the remainder when 5715 is divided by 275.
215
What is the remainder when 43646 is divided by 872?
46
What is the remainder when 35758 is divided by 16?
14
Calculate the remainder when 24353 is divided by 6087.
5
What is the remainder when 258183 is divided by 144?
135
What is the remainder when 921322 is divided by 131?
130
Calculate the remainder when 2887 is divided by 1370.
147
What is the remainder when 128815 is divided by 332?
331
What is the remainder when 540 is divided by 202?
136
Calculate the remainder when 1921490 is divided by 1125.
1115
Calculate the remainder when 3235 is divided by 609.
190
What is the remainder when 16271 is divided by 2031?
23
Calculate the remainder when 302 is divided by 142.
18
Calculate the remainder when 11101 is divided by 5547.
7
What is the remainder when 10884 is divided by 109?
93
Calculate the remainder when 181815 is divided by 14.
11
What is the remainder when 38111 is divided by 9473?
219
What is the remainder when 86348 is divided by 168?
164
What is the remainder when 4699941 is divided by 26?
25
What is the remainder when 40507 is divided by 476?
47
What is the remainder when 2713 is divided by 228?
205
What is the remainder when 3312 is divided by 659?
17
Calculate the remainder when 141991 is divided by 1118.
5
Calc